{"id":2,"date":"2023-02-24T16:22:12","date_gmt":"2023-02-24T16:22:12","guid":{"rendered":"http:\/\/185.141.174.118\/?page_id=2"},"modified":"2023-05-11T21:37:32","modified_gmt":"2023-05-11T20:37:32","slug":"art-2","status":"publish","type":"page","link":"https:\/\/www.fondazioneacademy.it\/index.php\/art-2\/","title":{"rendered":"Articolo 2"},"content":{"rendered":"<p>[vc_row][vc_column]<div class=\"mkdf-elements-holder   mkdf-one-column  mkdf-responsive-mode-768 \" ><div class=\"mkdf-eh-item  mkdf-width-1-1   \"  data-item-class=\"mkdf-eh-custom-5678\">\n\t<div class=\"mkdf-eh-item-inner\">\n\t\t<div class=\"mkdf-eh-item-content mkdf-eh-custom-5678\" >\n\t\t\t[vc_column_text]<\/p>\n<h3>Articolo 2 &#8211; Finalit\u00e0 ed attivit\u00e0 di interesse generale<\/h3>\n<pre style=\"text-align: left;\">L'obiettivo principale della Fondazione \u00e8 favorire e implementare la formazione tecnico - professionale nell'ambito delle Industrie che utilizzano le tecnologie della manifattura avanzata.\r\n\r\nIn particolare, la Fondazione si propone di favorire lo studio di nuovi processi e nuove metodologie produttive nel campo dell'industria meccanica, della robotica e dell'automazione nonch\u00e9 degli impatti che ci\u00f2 ha sul territorio, promuovendo attivit\u00e0 di ricerca, azioni di sviluppo locale e marketing territoriale.\r\n\r\nScopo principale della Fondazione, partendo dall'assunto che le strutture e le strumentazioni tecnologiche hanno sempre pi\u00f9 bisogno di guide morali che si basino su valori etici, \u00e8 di porre la persona al centro dei processi produttivi.\r\n\r\nLa Fondazione ha quindi lo scopo di promuovere il sapere scientifico e lo sviluppo tecnologico, in coerenza con gli indirizzi della politica scientifica nazionale ed europea, con particolare riferimento agli obiettivi della innovazione digitale e manifattura avanzata, favorendo cos\u00ec lo sviluppo del sistema nella formazione extra scolastica e dell'orientamento professionale, offrendo un nuovo ruolo all'istruzione terziaria professionalizzante non accademica grazie alla partnership con le imprese del territorio della Regione Piemonte ed in particolare del territorio Novarese, Vercellese e Valsesiano.<\/pre>\n<p>[\/vc_column_text][vc_empty_space height=&#8221;100px&#8221;]\t\t<\/div>\n\t<\/div>\n<\/div><\/div>[\/vc_column][\/vc_row]<\/p>\n","protected":false},"excerpt":{"rendered":"<p>[vc_row][vc_column][\/vc_column][\/vc_row]<\/p>\n","protected":false},"author":1,"featured_media":0,"parent":0,"menu_order":0,"comment_status":"closed","ping_status":"open","template":"","meta":{"footnotes":""},"class_list":["post-2","page","type-page","status-publish","hentry"],"jetpack_sharing_enabled":true,"_links":{"self":[{"href":"https:\/\/www.fondazioneacademy.it\/index.php\/wp-json\/wp\/v2\/pages\/2","targetHints":{"allow":["GET"]}}],"collection":[{"href":"https:\/\/www.fondazioneacademy.it\/index.php\/wp-json\/wp\/v2\/pages"}],"about":[{"href":"https:\/\/www.fondazioneacademy.it\/index.php\/wp-json\/wp\/v2\/types\/page"}],"author":[{"embeddable":true,"href":"https:\/\/www.fondazioneacademy.it\/index.php\/wp-json\/wp\/v2\/users\/1"}],"replies":[{"embeddable":true,"href":"https:\/\/www.fondazioneacademy.it\/index.php\/wp-json\/wp\/v2\/comments?post=2"}],"version-history":[{"count":7,"href":"https:\/\/www.fondazioneacademy.it\/index.php\/wp-json\/wp\/v2\/pages\/2\/revisions"}],"predecessor-version":[{"id":4820,"href":"https:\/\/www.fondazioneacademy.it\/index.php\/wp-json\/wp\/v2\/pages\/2\/revisions\/4820"}],"wp:attachment":[{"href":"https:\/\/www.fondazioneacademy.it\/index.php\/wp-json\/wp\/v2\/media?parent=2"}],"curies":[{"name":"wp","href":"https:\/\/api.w.org\/{rel}","templated":true}]}}

<p>[vc_row][vc_column]<div class="mkdf-elements-holder   mkdf-one-column  mkdf-responsive-mode-768 " ><div class="mkdf-eh-item  mkdf-width-1-1   "  data-item-class="mkdf-eh-custom-5678">
	<div class="mkdf-eh-item-inner">
		<div class="mkdf-eh-item-content mkdf-eh-custom-5678" >
			[vc_column_text]</p>
<h3>Articolo 2 &#8211; Finalità ed attività di interesse generale</h3>
<pre style="text-align: left;">L'obiettivo principale della Fondazione è favorire e implementare la formazione tecnico - professionale nell'ambito delle Industrie che utilizzano le tecnologie della manifattura avanzata.

In particolare, la Fondazione si propone di favorire lo studio di nuovi processi e nuove metodologie produttive nel campo dell'industria meccanica, della robotica e dell'automazione nonché degli impatti che ciò ha sul territorio, promuovendo attività di ricerca, azioni di sviluppo locale e marketing territoriale.

Scopo principale della Fondazione, partendo dall'assunto che le strutture e le strumentazioni tecnologiche hanno sempre più bisogno di guide morali che si basino su valori etici, è di porre la persona al centro dei processi produttivi.

La Fondazione ha quindi lo scopo di promuovere il sapere scientifico e lo sviluppo tecnologico, in coerenza con gli indirizzi della politica scientifica nazionale ed europea, con particolare riferimento agli obiettivi della innovazione digitale e manifattura avanzata, favorendo così lo sviluppo del sistema nella formazione extra scolastica e dell'orientamento professionale, offrendo un nuovo ruolo all'istruzione terziaria professionalizzante non accademica grazie alla partnership con le imprese del territorio della Regione Piemonte ed in particolare del territorio Novarese, Vercellese e Valsesiano.</pre>
<p>[/vc_column_text][vc_empty_space height=&#8221;100px&#8221;]		</div>
	</div>
</div></div>[/vc_column][/vc_row]</p>
